{"id":1774,"date":"2022-07-20T15:46:09","date_gmt":"2022-07-20T18:46:09","guid":{"rendered":"https:\/\/conexaomulhereseconomia.com.br\/?page_id=1774"},"modified":"2023-11-08T18:37:15","modified_gmt":"2023-11-08T21:37:15","slug":"programacao-2","status":"publish","type":"page","link":"https:\/\/conexaomulhereseconomia.com.br\/?page_id=1774","title":{"rendered":"Programa\u00e7\u00e3o &#8211; 2\u00ba Enconex\u00e3o"},"content":{"rendered":"\n<p class=\"has-text-align-center\" style=\"font-size:28px\"><strong>2\u00ba Enconex\u00e3o | CM&amp;E<\/strong><br><\/p>\n\n\n\n<p class=\"has-text-align-left\"><strong>ABERTURA<\/strong><\/p>\n\n\n\n<p class=\"has-text-align-left\">O evento iniciar\u00e1 \u00e0s <strong>13h30<\/strong> com a fala das fundadoras do Conex\u00e3o Mulheres &amp; Economia.<\/p>\n\n\n\n<p>Convidamos a todos a acessar o menu \u201cArtigos Selecionados\u201d e apreciar os trabalhos postados em texto. Alguns trabalhos ser\u00e3o apresentados em v\u00eddeo e outros ser\u00e3o apresentados ao vivo no dia do evento, conforme programa\u00e7\u00e3o abaixo.<\/p>\n\n\n\n<p><strong>APRESENTA\u00c7\u00d5ES<\/strong><\/p>\n\n\n\n<p>As apresenta\u00e7\u00f5es ser\u00e3o distribu\u00eddas nos turnos tarde e vespertino, com in\u00edcio previsto para \u00e0s 14h.<\/p>\n\n\n\n<ul class=\"wp-block-list\"><li><strong>14h-15h30 \u2013 Sess\u00e3o 1<\/strong><\/li><\/ul>\n\n\n\n<p>\u201cMulheres economistas uma an\u00e1lise de g\u00eanero nas academias\u201d<\/p>\n\n\n\n<p>\u201cUma an\u00e1lise sobre remunera\u00e7\u00e3o entre homens e mulheres por g\u00eanero durante o per\u00edodo da pandemia: um estudo do setor cultural\u201d<\/p>\n\n\n\n<p>\u201cSegrega\u00e7\u00e3o ocupacional por g\u00eanero no mercado de trabalho brasileiro: uma an\u00e1lise atrav\u00e9s da abordagem das capacita\u00e7\u00f5es\u201d<\/p>\n\n\n\n<p>\u201cMulheres na cultura: um recorte dos v\u00ednculos no setor cultural da Regi\u00e3o Metropolitana de Porto Alegre no per\u00edodo da pandemia\u201d <\/p>\n\n\n\n<p>\u201cPolui\u00e7\u00e3o ambiental: uma an\u00e1lise espacial do tratamento de efluentes dos munic\u00edpios brasileiros e o papel da gest\u00e3o feminina\u201d<\/p>\n\n\n\n<ul class=\"wp-block-list\"><li><strong>15h30-17h \u2013 Sess\u00e3o 2<\/strong><\/li><\/ul>\n\n\n\n<p>\u201cInfraestrutura tecnol\u00f3gica e desempenho escolar: uma an\u00e1lise a partir da abordagem das capacita\u00e7\u00f5es\u201d<\/p>\n\n\n\n<p>\u201cA gera\u00e7\u00e3o Z chega \u00e0 universidade: caracter\u00edsticas socioecon\u00f4micas dos poss\u00edveis concluintes de cursos superiores no Brasil entre 2017 e 2019\u201d<\/p>\n\n\n\n<p>\u201cO papel da universidade na intera\u00e7\u00e3o universidade-empresa: um estudo de m\u00faltiplos casos das empresas do setor farmac\u00eautico do Rio Grande do Sul\u201d<\/p>\n\n\n\n<p>\u201cDistribui\u00e7\u00e3o espacial das ocupa\u00e7\u00f5es criativas no Rio Grande do Sul\u201d <\/p>\n\n\n\n<p>\u201cEmprego e renda em Gravata\u00ed (RS): um estudo do desenvolvimento socioecon\u00f4mico do munic\u00edpio\u201d<\/p>\n\n\n\n<ul class=\"wp-block-list\"><li><strong>17h-17h30 \u2013 Coffee Break<\/strong><\/li><\/ul>\n\n\n\n<ul class=\"wp-block-list\"><li><strong>17h30-19h \u2013 Sess\u00e3o 3<\/strong><\/li><\/ul>\n\n\n\n<p>\u201cO Brasil no com\u00e9rcio internacional OMC, disputas, acordos e perfil de com\u00e9rcio\u201d<\/p>\n\n\n\n<p>\u201cA pandemia de COVID-19 e seus efeitos sobre a inseguran\u00e7a alimentar no Brasil\u201d<\/p>\n\n\n\n<p>\u201cEmpresas familiares contribui\u00e7\u00f5es para economia brasileira\u201d<\/p>\n\n\n\n<p>\u201cComportamento do consumidor e propaganda\u201d <\/p>\n\n\n\n<p>\u201cUm esbo\u00e7o acerca da forma\u00e7\u00e3o de clusters nos munic\u00edpios do Par\u00e1\u201d<\/p>\n\n\n\n<ul class=\"wp-block-list\"><li><strong>19h-19h30* \u2013 Sess\u00e3o 4 | V\u00eddeos<\/strong><\/li><\/ul>\n\n\n\n<p>\u201cO espa\u00e7o das mulheres nos innovation studies: uma an\u00e1lise bibliom\u00e9trica\u201d<\/p>\n\n\n\n<p>\u201cExiste retorno na experi\u00eancia de migra\u00e7\u00e3o para as mulheres empreendedoras ou assalariadas?\u201d<\/p>\n\n\n\n<p>\u201cA travestilidade e transexuliadade no mercado de trabalho: uma an\u00e1lise para a cidade de Bel\u00e9m\u201d<\/p>\n\n\n\n<p>\u201cTeorias de com\u00e9rcio internacional: uma breve revis\u00e3o\u201d<\/p>\n\n\n\n<p>\u201cLiteratura brasileira na China: exportando cultura e ampliando mercados\u201d<\/p>\n\n\n\n<p>\u201cDesenvolvimento humano e educa\u00e7\u00e3o: um estudo do munic\u00edpio de Buti\u00e1 (RS)\u201d<\/p>\n\n\n\n<p>\u201cPadr\u00e3o de vida no territ\u00f3rio de identidade de Vit\u00f3ria da Conquista \u2013 Bahia: uma an\u00e1lise a partir dos censos 2000 e 2010\u201d<\/p>\n\n\n\n<p>\u201cNeg\u00f3cios para adiar o fim do mundo: estudo sobre empreendedorismo sustent\u00e1vel em Mato Grosso\u201d<\/p>\n\n\n\n<p><em><strong><sub><sup>* Per\u00edodo de perguntas e de debate sobre as apresenta\u00e7\u00f5es realizadas em v\u00eddeo.<\/sup><\/sub><\/strong><\/em><\/p>\n\n\n\n<p><strong>ENCERRAMENTO<\/strong><\/p>\n\n\n\n<p>In\u00edcio previsto para \u00e0s 19h30, com encerramento do evento programado para \u00e0s 19h45.<\/p>\n","protected":false},"excerpt":{"rendered":"<p>2\u00ba Enconex\u00e3o | CM&amp;E ABERTURA O evento iniciar\u00e1 \u00e0s 13h30 com a fala das fundadoras do Conex\u00e3o Mulheres &amp; Economia. Convidamos a todos a acessar o menu \u201cArtigos Selecionados\u201d e apreciar os trabalhos postados em texto. Alguns trabalhos ser\u00e3o apresentados em v\u00eddeo e outros ser\u00e3o apresentados ao vivo no dia do evento, conforme programa\u00e7\u00e3o abaixo.&hellip;&nbsp;<a href=\"https:\/\/conexaomulhereseconomia.com.br\/?page_id=1774\" class=\"\" rel=\"bookmark\">Continue a ler &raquo;<span class=\"screen-reader-text\">Programa\u00e7\u00e3o &#8211; 2\u00ba Enconex\u00e3o<\/span><\/a><\/p>\n","protected":false},"author":1,"featured_media":0,"parent":1751,"menu_order":3,"comment_status":"closed","ping_status":"closed","template":"","meta":{"neve_meta_sidebar":"full-width","neve_meta_container":"","neve_meta_enable_content_width":"on","neve_meta_content_width":75,"neve_meta_title_alignment":"","neve_meta_author_avatar":"","neve_post_elements_order":"","neve_meta_disable_header":"","neve_meta_disable_footer":"","neve_meta_disable_title":"on","footnotes":""},"class_list":["post-1774","page","type-page","status-publish","hentry"],"_links":{"self":[{"href":"https:\/\/conexaomulhereseconomia.com.br\/index.php?rest_route=\/wp\/v2\/pages\/1774","targetHints":{"allow":["GET"]}}],"collection":[{"href":"https:\/\/conexaomulhereseconomia.com.br\/index.php?rest_route=\/wp\/v2\/pages"}],"about":[{"href":"https:\/\/conexaomulhereseconomia.com.br\/index.php?rest_route=\/wp\/v2\/types\/page"}],"author":[{"embeddable":true,"href":"https:\/\/conexaomulhereseconomia.com.br\/index.php?rest_route=\/wp\/v2\/users\/1"}],"replies":[{"embeddable":true,"href":"https:\/\/conexaomulhereseconomia.com.br\/index.php?rest_route=%2Fwp%2Fv2%2Fcomments&post=1774"}],"version-history":[{"count":7,"href":"https:\/\/conexaomulhereseconomia.com.br\/index.php?rest_route=\/wp\/v2\/pages\/1774\/revisions"}],"predecessor-version":[{"id":2318,"href":"https:\/\/conexaomulhereseconomia.com.br\/index.php?rest_route=\/wp\/v2\/pages\/1774\/revisions\/2318"}],"up":[{"embeddable":true,"href":"https:\/\/conexaomulhereseconomia.com.br\/index.php?rest_route=\/wp\/v2\/pages\/1751"}],"wp:attachment":[{"href":"https:\/\/conexaomulhereseconomia.com.br\/index.php?rest_route=%2Fwp%2Fv2%2Fmedia&parent=1774"}],"curies":[{"name":"wp","href":"https:\/\/api.w.org\/{rel}","templated":true}]}}