{"id":2048,"date":"2023-08-10T22:20:09","date_gmt":"2023-08-11T01:20:09","guid":{"rendered":"https:\/\/conexaomulhereseconomia.com.br\/?page_id=2048"},"modified":"2023-11-12T15:12:25","modified_gmt":"2023-11-12T18:12:25","slug":"inscricao-3","status":"publish","type":"page","link":"https:\/\/conexaomulhereseconomia.com.br\/?page_id=2048","title":{"rendered":"Inscri\u00e7\u00e3o"},"content":{"rendered":"\n<br>\n\n\n\n<p class=\"has-text-align-center\" style=\"font-size:28px\"><strong><strong>3\u00ba Enconex\u00e3o | Conex\u00e3o Mulheres e Economia<\/strong><\/strong><\/p>\n\n\n\n<br>\n\n\n\n<div class=\"wp-block-buttons is-horizontal is-content-justification-center is-layout-flex wp-container-core-buttons-is-layout-499968f5 wp-block-buttons-is-layout-flex\"><\/div>\n\n\n\n<p class=\"has-text-align-center has-small-font-size\"><strong><mark style=\"background-color:rgba(0, 0, 0, 0)\" class=\"has-inline-color has-neve-link-color-color\">Inscri\u00e7\u00f5es abertas at\u00e9 10\/11\/2023<\/mark><\/strong><\/p>\n\n\n\n<br><br>\n\n\n\n<p class=\"has-text-align-center has-small-font-size\"><strong><mark style=\"background-color:rgba(0, 0, 0, 0)\" class=\"has-inline-color has-neve-link-color-color\">Submiss\u00e3o de trabalhos encerrou em 23\/10\/2023 \u00e0s 23:59 (GMT-SP).<\/mark><\/strong><\/p>\n","protected":false},"excerpt":{"rendered":"<p>3\u00ba Enconex\u00e3o | Conex\u00e3o Mulheres e Economia Inscri\u00e7\u00f5es abertas at\u00e9 10\/11\/2023 Submiss\u00e3o de trabalhos encerrou em 23\/10\/2023 \u00e0s 23:59 (GMT-SP).<\/p>\n","protected":false},"author":1,"featured_media":0,"parent":2030,"menu_order":4,"comment_status":"closed","ping_status":"closed","template":"","meta":{"neve_meta_sidebar":"full-width","neve_meta_container":"","neve_meta_enable_content_width":"","neve_meta_content_width":0,"neve_meta_title_alignment":"","neve_meta_author_avatar":"","neve_post_elements_order":"","neve_meta_disable_header":"","neve_meta_disable_footer":"","neve_meta_disable_title":"on","footnotes":""},"class_list":["post-2048","page","type-page","status-publish","hentry"],"_links":{"self":[{"href":"https:\/\/conexaomulhereseconomia.com.br\/index.php?rest_route=\/wp\/v2\/pages\/2048","targetHints":{"allow":["GET"]}}],"collection":[{"href":"https:\/\/conexaomulhereseconomia.com.br\/index.php?rest_route=\/wp\/v2\/pages"}],"about":[{"href":"https:\/\/conexaomulhereseconomia.com.br\/index.php?rest_route=\/wp\/v2\/types\/page"}],"author":[{"embeddable":true,"href":"https:\/\/conexaomulhereseconomia.com.br\/index.php?rest_route=\/wp\/v2\/users\/1"}],"replies":[{"embeddable":true,"href":"https:\/\/conexaomulhereseconomia.com.br\/index.php?rest_route=%2Fwp%2Fv2%2Fcomments&post=2048"}],"version-history":[{"count":6,"href":"https:\/\/conexaomulhereseconomia.com.br\/index.php?rest_route=\/wp\/v2\/pages\/2048\/revisions"}],"predecessor-version":[{"id":2428,"href":"https:\/\/conexaomulhereseconomia.com.br\/index.php?rest_route=\/wp\/v2\/pages\/2048\/revisions\/2428"}],"up":[{"embeddable":true,"href":"https:\/\/conexaomulhereseconomia.com.br\/index.php?rest_route=\/wp\/v2\/pages\/2030"}],"wp:attachment":[{"href":"https:\/\/conexaomulhereseconomia.com.br\/index.php?rest_route=%2Fwp%2Fv2%2Fmedia&parent=2048"}],"curies":[{"name":"wp","href":"https:\/\/api.w.org\/{rel}","templated":true}]}}